{"id":6126,"date":"2022-08-12T18:59:16","date_gmt":"2022-08-12T18:59:16","guid":{"rendered":"https:\/\/mueblesdeharo.es\/?post_type=product&#038;p=6126"},"modified":"2023-07-31T11:00:51","modified_gmt":"2023-07-31T11:00:51","slug":"cama-2-motores-ref-1052","status":"publish","type":"product","link":"https:\/\/mueblesdeharo.es\/index.php\/producto\/cama-2-motores-ref-1052\/","title":{"rendered":"Cama 2 Motores Ref. 1052"},"content":{"rendered":"<p>* Las camas est\u00e1n formadas, por dos camas individuales unidas con pletinas de uni\u00f3n (Ejemplo: 80x190cm + 80x190cm = 160x190cm).<\/p>\n","protected":false},"excerpt":{"rendered":"<p>La cama a motor Confort \u00d3ptimo aporta un plus para el descanso m\u00e1s exigente. Incorpora motor con sistema silencioso de elevaci\u00f3n y mando para ajustar sus posiciones para encontrar la mejor posici\u00f3n de comodidad. Incluye juego porter\u00eda (sujeta-colch\u00f3n).<\/p>\n<p id=\"tw-target-text\" class=\"tw-data-text tw-text-large tw-ta\" dir=\"ltr\" data-placeholder=\"Traducci\u00f3n\"><span class=\"Y2IQFc\" lang=\"en\">The Optimal Comfort motorized bed provides a plus for the most demanding rest. It incorporates a motor with a silent lifting and control system to adjust its position to find the best comfort position. Includes goal game (mattres holder).<\/span><\/p>\n","protected":false},"featured_media":6127,"comment_status":"open","ping_status":"closed","template":"","meta":[],"product_cat":[250,220,255],"product_tag":[],"_links":{"self":[{"href":"https:\/\/mueblesdeharo.es\/index.php\/wp-json\/wp\/v2\/product\/6126"}],"collection":[{"href":"https:\/\/mueblesdeharo.es\/index.php\/wp-json\/wp\/v2\/product"}],"about":[{"href":"https:\/\/mueblesdeharo.es\/index.php\/wp-json\/wp\/v2\/types\/product"}],"replies":[{"embeddable":true,"href":"https:\/\/mueblesdeharo.es\/index.php\/wp-json\/wp\/v2\/comments?post=6126"}],"wp:featuredmedia":[{"embeddable":true,"href":"https:\/\/mueblesdeharo.es\/index.php\/wp-json\/wp\/v2\/media\/6127"}],"wp:attachment":[{"href":"https:\/\/mueblesdeharo.es\/index.php\/wp-json\/wp\/v2\/media?parent=6126"}],"wp:term":[{"taxonomy":"product_cat","embeddable":true,"href":"https:\/\/mueblesdeharo.es\/index.php\/wp-json\/wp\/v2\/product_cat?post=6126"},{"taxonomy":"product_tag","embeddable":true,"href":"https:\/\/mueblesdeharo.es\/index.php\/wp-json\/wp\/v2\/product_tag?post=6126"}],"curies":[{"name":"wp","href":"https:\/\/api.w.org\/{rel}","templated":true}]}}