{"id":6080,"date":"2022-08-08T18:25:00","date_gmt":"2022-08-08T18:25:00","guid":{"rendered":"https:\/\/mueblesdeharo.es\/?post_type=product&#038;p=6080"},"modified":"2025-12-29T11:42:03","modified_gmt":"2025-12-29T11:42:03","slug":"colchon-alicante","status":"publish","type":"product","link":"https:\/\/mueblesdeharo.es\/index.php\/producto\/colchon-alicante\/","title":{"rendered":"Colch\u00f3n  modelo Alicante"},"content":{"rendered":"","protected":false},"excerpt":{"rendered":"<p>El colch\u00f3n Alicante es un colch\u00f3n de muelle ensacado a doble cara que aporta un descanso suave y adaptable a su vez.<\/p>\n<p>Firmeza media y alto confort. Viscoel\u00e1stica 1 cm.<\/p>\n<p>Altamente transpirable.Sistema d\u00fao reversible.<\/p>\n<p>Tejidos anti\u00e1caros,antibacteriano e hipoalerg\u00e9nicos.<\/p>\n<p>Altura total (+\/-1cm): 24\/25 cm.<\/p>\n<p>&nbsp;<\/p>\n","protected":false},"featured_media":7327,"comment_status":"open","ping_status":"closed","template":"","meta":[],"product_cat":[236,220],"product_tag":[],"_links":{"self":[{"href":"https:\/\/mueblesdeharo.es\/index.php\/wp-json\/wp\/v2\/product\/6080"}],"collection":[{"href":"https:\/\/mueblesdeharo.es\/index.php\/wp-json\/wp\/v2\/product"}],"about":[{"href":"https:\/\/mueblesdeharo.es\/index.php\/wp-json\/wp\/v2\/types\/product"}],"replies":[{"embeddable":true,"href":"https:\/\/mueblesdeharo.es\/index.php\/wp-json\/wp\/v2\/comments?post=6080"}],"wp:featuredmedia":[{"embeddable":true,"href":"https:\/\/mueblesdeharo.es\/index.php\/wp-json\/wp\/v2\/media\/7327"}],"wp:attachment":[{"href":"https:\/\/mueblesdeharo.es\/index.php\/wp-json\/wp\/v2\/media?parent=6080"}],"wp:term":[{"taxonomy":"product_cat","embeddable":true,"href":"https:\/\/mueblesdeharo.es\/index.php\/wp-json\/wp\/v2\/product_cat?post=6080"},{"taxonomy":"product_tag","embeddable":true,"href":"https:\/\/mueblesdeharo.es\/index.php\/wp-json\/wp\/v2\/product_tag?post=6080"}],"curies":[{"name":"wp","href":"https:\/\/api.w.org\/{rel}","templated":true}]}}

Colchón  modelo Alicante

<p>El colchón Alicante es un colchón de muelle ensacado a doble cara que aporta un descanso suave y adaptable a su vez.</p>
<p>Firmeza media y alto confort. Viscoelástica 1 cm.</p>
<p>Altamente transpirable.Sistema dúo reversible.</p>
<p>Tejidos antiácaros,antibacteriano e hipoalergénicos.</p>
<p>Altura total (+/-1cm): 24/25 cm.</p>
<p>&nbsp;</p>
