{"id":5925,"date":"2022-06-04T17:44:35","date_gmt":"2022-06-04T17:44:35","guid":{"rendered":"http:\/\/mueblesdeharo.es\/?post_type=product&#038;p=5925"},"modified":"2022-12-30T18:19:09","modified_gmt":"2022-12-30T18:19:09","slug":"set-wicker-bd1011","status":"publish","type":"product","link":"https:\/\/mueblesdeharo.es\/index.php\/producto\/set-wicker-bd1011\/","title":{"rendered":"Set wicker Bd1011"},"content":{"rendered":"","protected":false},"excerpt":{"rendered":"<p>Set tresillo de jard\u00edn formado por 1 mesa de centro con tapa de cristal, 1 sof\u00e1 de 2 plazas y 2 sillones de mimbre sint\u00e9tico de color marr\u00f3n y estructura de aluminio. Cojines incluidos.<\/p>\n<p>Medidas mesa: 45 cm alto x 91 cm ancho x 52 cm fondo.<\/p>\n<p>Medidas sof\u00e1 2 plazas: 92 cm alto x 115 cm ancho x 61 cm fondo.<\/p>\n<p>Medidas sillones: 92 cm alto x 57 cm ancho x 61 cm fondo.<\/p>\n<p>Observaciones: Proteger del sol directo y cubrir en caso de no uso<\/p>\n<p>&nbsp;<\/p>\n<p>Garden sofa set consisting pf 1 coffe table with glass top, 1 and 2 seater sofa and 2 brown synthetic wicker armchairs with and aluminum frame. Cushions included.<\/p>\n<p>Table measurements:<\/p>\n<p>45cm high x 91 cm wide x 52cm deep.<\/p>\n<p>2- seater sofa measures: 92cm high x 115cm wide x 61cm deep.<\/p>\n<p>Armchair measurements: 92cm high x 57cm wide x 61cm deep.<\/p>\n<p>Remarks: Protect from firect sunlight and cover in case of non-use.<\/p>\n","protected":false},"featured_media":5926,"comment_status":"open","ping_status":"closed","template":"","meta":[],"product_cat":[224],"product_tag":[],"_links":{"self":[{"href":"https:\/\/mueblesdeharo.es\/index.php\/wp-json\/wp\/v2\/product\/5925"}],"collection":[{"href":"https:\/\/mueblesdeharo.es\/index.php\/wp-json\/wp\/v2\/product"}],"about":[{"href":"https:\/\/mueblesdeharo.es\/index.php\/wp-json\/wp\/v2\/types\/product"}],"replies":[{"embeddable":true,"href":"https:\/\/mueblesdeharo.es\/index.php\/wp-json\/wp\/v2\/comments?post=5925"}],"wp:featuredmedia":[{"embeddable":true,"href":"https:\/\/mueblesdeharo.es\/index.php\/wp-json\/wp\/v2\/media\/5926"}],"wp:attachment":[{"href":"https:\/\/mueblesdeharo.es\/index.php\/wp-json\/wp\/v2\/media?parent=5925"}],"wp:term":[{"taxonomy":"product_cat","embeddable":true,"href":"https:\/\/mueblesdeharo.es\/index.php\/wp-json\/wp\/v2\/product_cat?post=5925"},{"taxonomy":"product_tag","embeddable":true,"href":"https:\/\/mueblesdeharo.es\/index.php\/wp-json\/wp\/v2\/product_tag?post=5925"}],"curies":[{"name":"wp","href":"https:\/\/api.w.org\/{rel}","templated":true}]}}

<p>Set tresillo de jardín formado por 1 mesa de centro con tapa de cristal, 1 sofá de 2 plazas y 2 sillones de mimbre sintético de color marrón y estructura de aluminio. Cojines incluidos.</p>
<p>Medidas mesa: 45 cm alto x 91 cm ancho x 52 cm fondo.</p>
<p>Medidas sofá 2 plazas: 92 cm alto x 115 cm ancho x 61 cm fondo.</p>
<p>Medidas sillones: 92 cm alto x 57 cm ancho x 61 cm fondo.</p>
<p>Observaciones: Proteger del sol directo y cubrir en caso de no uso</p>
<p>&nbsp;</p>
<p>Garden sofa set consisting pf 1 coffe table with glass top, 1 and 2 seater sofa and 2 brown synthetic wicker armchairs with and aluminum frame. Cushions included.</p>
<p>Table measurements:</p>
<p>45cm high x 91 cm wide x 52cm deep.</p>
<p>2- seater sofa measures: 92cm high x 115cm wide x 61cm deep.</p>
<p>Armchair measurements: 92cm high x 57cm wide x 61cm deep.</p>
<p>Remarks: Protect from firect sunlight and cover in case of non-use.</p>
