{"id":5646,"date":"2022-04-19T11:33:33","date_gmt":"2022-04-19T11:33:33","guid":{"rendered":"http:\/\/mueblesdeharo.es\/?post_type=product&#038;p=5646"},"modified":"2024-02-02T19:22:41","modified_gmt":"2024-02-02T19:22:41","slug":"colchon-ref-4065","status":"publish","type":"product","link":"https:\/\/mueblesdeharo.es\/index.php\/producto\/colchon-ref-4065\/","title":{"rendered":"Colch\u00f3n Cod. 4065"},"content":{"rendered":"<p><strong>Caracter\u00edsticas<\/strong>:<\/p>\n<p>N\u00facleo goma firme + goma soft a dos lados.<\/p>\n<p>Gran sensaci\u00f3n de firmeza y confort.<\/p>\n<p>Altamente transpirable . Altura 20cm.<\/p>\n<p>Viscoel\u00e1stica Memory Foam a ambos lados.<\/p>\n<p>&nbsp;<\/p>\n","protected":false},"excerpt":{"rendered":"<p>Este colch\u00f3n nos ofrece confort,con una ligera adaptabilidad gracias a su material viscoel\u00e1stico,junto con su n\u00facleo que proporciona una firmeza progresiva.<\/p>\n<p>Altura total (+\/-1cm): 20 cm.<\/p>\n<p>&nbsp;<\/p>\n","protected":false},"featured_media":5647,"comment_status":"open","ping_status":"closed","template":"","meta":[],"product_cat":[236,220],"product_tag":[],"_links":{"self":[{"href":"https:\/\/mueblesdeharo.es\/index.php\/wp-json\/wp\/v2\/product\/5646"}],"collection":[{"href":"https:\/\/mueblesdeharo.es\/index.php\/wp-json\/wp\/v2\/product"}],"about":[{"href":"https:\/\/mueblesdeharo.es\/index.php\/wp-json\/wp\/v2\/types\/product"}],"replies":[{"embeddable":true,"href":"https:\/\/mueblesdeharo.es\/index.php\/wp-json\/wp\/v2\/comments?post=5646"}],"wp:featuredmedia":[{"embeddable":true,"href":"https:\/\/mueblesdeharo.es\/index.php\/wp-json\/wp\/v2\/media\/5647"}],"wp:attachment":[{"href":"https:\/\/mueblesdeharo.es\/index.php\/wp-json\/wp\/v2\/media?parent=5646"}],"wp:term":[{"taxonomy":"product_cat","embeddable":true,"href":"https:\/\/mueblesdeharo.es\/index.php\/wp-json\/wp\/v2\/product_cat?post=5646"},{"taxonomy":"product_tag","embeddable":true,"href":"https:\/\/mueblesdeharo.es\/index.php\/wp-json\/wp\/v2\/product_tag?post=5646"}],"curies":[{"name":"wp","href":"https:\/\/api.w.org\/{rel}","templated":true}]}}