{"id":4190,"date":"2020-10-21T08:34:10","date_gmt":"2020-10-21T08:34:10","guid":{"rendered":"http:\/\/mueblesdeharo.es\/?post_type=product&#038;p=4190"},"modified":"2023-09-29T18:25:52","modified_gmt":"2023-09-29T18:25:52","slug":"colchon-tabarca","status":"publish","type":"product","link":"https:\/\/mueblesdeharo.es\/index.php\/producto\/colchon-tabarca\/","title":{"rendered":"Colch\u00f3n Tabarca"},"content":{"rendered":"<p><img loading=\"lazy\" class=\"alignnone size-full wp-image-3923\" src=\"http:\/\/mueblesdeharo.es\/wp-content\/uploads\/2020\/10\/transportegratis2_2-pequeno.png\" alt=\"\" width=\"125\" height=\"120\" \/><br \/>\nTransporte y montaje incluido hasta 20 km. Otras zonas consultar.<br \/>\nT\u00e9lf. 965 41 44 66 mueblesharo10@hotmail.com<br \/>\n<img loading=\"lazy\" class=\"alignnone size-full wp-image-3926\" src=\"http:\/\/mueblesdeharo.es\/wp-content\/uploads\/2020\/10\/Sin-titulo-1-1.png\" alt=\"\" width=\"25\" height=\"43\" \/> 621 37 03 32<\/p>\n","protected":false},"excerpt":{"rendered":"<p>Colch\u00f3n HR Roll con composici\u00f3n viscoel\u00e1stica. Ligero y pr\u00e1ctico.<br \/>\nAltura total (+\/-1cm): 21 cm.<\/p>\n","protected":false},"featured_media":4237,"comment_status":"open","ping_status":"closed","template":"","meta":[],"product_cat":[236,220],"product_tag":[],"_links":{"self":[{"href":"https:\/\/mueblesdeharo.es\/index.php\/wp-json\/wp\/v2\/product\/4190"}],"collection":[{"href":"https:\/\/mueblesdeharo.es\/index.php\/wp-json\/wp\/v2\/product"}],"about":[{"href":"https:\/\/mueblesdeharo.es\/index.php\/wp-json\/wp\/v2\/types\/product"}],"replies":[{"embeddable":true,"href":"https:\/\/mueblesdeharo.es\/index.php\/wp-json\/wp\/v2\/comments?post=4190"}],"wp:featuredmedia":[{"embeddable":true,"href":"https:\/\/mueblesdeharo.es\/index.php\/wp-json\/wp\/v2\/media\/4237"}],"wp:attachment":[{"href":"https:\/\/mueblesdeharo.es\/index.php\/wp-json\/wp\/v2\/media?parent=4190"}],"wp:term":[{"taxonomy":"product_cat","embeddable":true,"href":"https:\/\/mueblesdeharo.es\/index.php\/wp-json\/wp\/v2\/product_cat?post=4190"},{"taxonomy":"product_tag","embeddable":true,"href":"https:\/\/mueblesdeharo.es\/index.php\/wp-json\/wp\/v2\/product_tag?post=4190"}],"curies":[{"name":"wp","href":"https:\/\/api.w.org\/{rel}","templated":true}]}}

Colchón Tabarca

<p><img loading="lazy" class="alignnone size-full wp-image-3923" src="http://mueblesdeharo.es/wp-content/uploads/2020/10/transportegratis2_2-pequeno.png" alt="" width="125" height="120" /><br />
Transporte y montaje incluido hasta 20 km. Otras zonas consultar.<br />
Télf. 965 41 44 66 mueblesharo10@hotmail.com<br />
<img loading="lazy" class="alignnone size-full wp-image-3926" src="http://mueblesdeharo.es/wp-content/uploads/2020/10/Sin-titulo-1-1.png" alt="" width="25" height="43" /> 621 37 03 32</p>

<p>Colchón HR Roll con composición viscoelástica. Ligero y práctico.<br />
Altura total (+/-1cm): 21 cm.</p>
